379 a composite number?
True
Is 4918337 a prime number?
True
Is 1597 a composite number?
False
Is 3291 composite?
True
Is 44663 a composite number?
True
Is 38783 prime?
True
Is 16151 prime?
False
Is 6007 composite?
False
Is 24749 a prime number?
True
Is 772773 composite?
True
Is 29437 prime?
True
Is 51099 a prime number?
False
Is 1481 composite?
False
Is 4822 a composite number?
True
Is 4091 a composite number?
False
Is 2903 prime?
True
Is 985261 composite?
True
Is 19529 a composite number?
True
Is 112859 composite?
False
Is 2586621 composite?
True
Is 88379 a composite number?
False
Is 54134 a composite number?
True
Is 47183 a composite number?
True
Is 818 a prime number?
False
Is 58655 composite?
True
Is 79451 prime?
True
Is 125399 composite?
False
Is 12674 a prime number?
False
Is 259109 a prime number?
False
Is 3761 a prime number?
True
Is 130627 composite?
True
Is 25279 prime?
False
Is 724991 composite?
False
Is 179954 a composite number?
True
Is 296319 a composite number?
True
Is 2596457 composite?
True
Is 1316951 a composite number?
False
Is 376997 a prime number?
False
Is 147638 a prime number?
False
Is 2663693 prime?
True
Is 40133 a composite number?
True
Is 104161 a composite number?
False
Is 226301 prime?
False
Is 46663 prime?
True
Is 11597 a prime number?
True
Is 6029 a prime number?
True
Is 14051 composite?
False
Is 874189 composite?
True
Is 5879 composite?
False
Is 296443 a composite number?
True
Is 9607 a prime number?
False
Is 34631 prime?
True
Is 37331 composite?
True
Is 433249 composite?
False
Is 143693 prime?
False
Is 1894577 composite?
False
Is 313415 prime?
False
Is 642133 composite?
False
Is 69539 composite?
False
Is 8923 a composite number?
False
Is 797 a prime number?
True
Is 5120131 prime?
True
Is 1022911 composite?
False
Is 3967 prime?
True
Is 297287 composite?
True
Is 193981 prime?
False
Is 1754059 composite?
True
Is 116131 a prime number?
True
Is 221393 a composite number?
False
Is 853 prime?
True
Is 7993 a prime number?
True
Is 11965 prime?
False
Is 10895 a composite number?
True
Is 22853 a composite number?
False
Is 647 a prime number?
True
Is 15859 composite?
False
Is 389537 a prime number?
False
Is 1822 a composite number?
True
Is 19283 prime?
False
Is 19829 composite?
True
Is 24487 a prime number?
False
Is 250169 prime?
True
Is 803663 composite?
True
Is 125183 prime?
True
Is 5027 a prime number?
False
Is 723721 a composite number?
False
Is 545 a prime number?
False
Is 60959 a composite number?
True
Is 27829 a composite number?
True
Is 40187 prime?
False
Is 11301 composite?
True
Is 331651 a prime number?
True
Is 3251 a composite number?
False
Is 43427 a composite number?
False
Is 938155 a composite number?
True
Is 2333 a prime number?
True
Is 39499 composite?
False
Is 4981 composite?
True
Is 3271 prime?
True
Is 34829 prime?
False
Is 80111 a prime number?
True
Is 1577809 composite?
True
Is 5581 a prime number?
True
Is 5331 a prime number?
False
Is 57985 prime?
False
Is 9221 a prime number?
True
Is 10111 a prime number?
True
Is 167953 a prime number?
True
Is 9239 composite?
False
Is 2851999 prime?
False
Is 176369 a composite number?
False
Is 87107 a prime number?
True
Is 10811 a composite number?
True
Is 81547 a composite number?
False
Is 4213 composite?
True
Is 94193 a composite number?
True
Is 460673 a composite number?
False
Is 196705 a prime number?
False
Is 337 a prime number?
True
Is 533297 a prime number?
True
Is 32687 prime?
True
Is 7247 composite?
False
Is 254119 composite?
False
Is 237821 prime?
True
Is 113431 composite?
True
Is 52289 composite?
False
Is 34849 a prime number?
True
Is 78215 a prime number?
False
Is 176258 prime?
False
Is 39619 prime?
True
Is 719 a composite number?
False
Is 49097 a prime number?
False
Is 290063 composite?
True
Is 22853 composite?
False
Is 79757 a prime number?
True
Is 14143 composite?
False
Is 479 composite?
False
Is 12353 a composite number?
True
Is 11477 composite?
True
Is 192767 composite?
False
Is 2155 a prime number?
False
Is 175803 a composite number?
True
Is 162753 a composite number?
True
Is 2475671 a composite number?
True
Is 2515 a composite number?
True
Is 34739 composite?
False
Is 142547 prime?
True
Is 529 a composite number?
True
Is 78757 composite?
True
Is 13339 prime?
True
Is 1370443 composite?
True
Is 2855 a composite number?
True
Is 2393 prime?
True
Is 1651731 composite?
True
Is 83 composite?
False
Is 119591 a prime number?
True
Is 1774129 prime?
False
Is 1534349 a composite number?
False
Is 33589 composite?
False
Is 8141 a prime number?
False
Is 17326 a prime number?
False
Is 94 prime?
False
Is 961927 a composite number?
False
Is 9569 a composite number?
True
Is 230431 composite?
False
Is 83 composite?
False
Is 11113 a prime number?
True
Is 10454 prime?
False
Is 22141 composite?
True
Is 5137 composite?
True
Is 436127 a prime number?
True
Is 154295 a prime number?
False
Is 1655 prime?
False
Is 2240057 a composite number?
False
Is 3353 a prime number?
False
Is 72401 a composite number?
True
Is 406405 a composite number?
True
Is 44017 prime?
True
Is 474589 a prime number?
False
Is 875021 composite?
True
Is 78865 prime?
False
Is 67593 composite?
True
Is 6128521 a prime number?
False
Is 3899 a composite number?
True
Is 303131 prime?
False
Is 84857 a prime number?
True
Is 96155 a prime number?
False
Is 100141 composite?
True
Is 233027 composite?
True
Is 57907 a prime number?
False
Is 12083 a prime number?
False
Is 17257 a prime number?
True
Is 108067 composite?
True
Is 1838 composite?
True
Is 269377 a prime number?
True
Is 9411 a prime number?
False
Is 8989 a composite number?
True
Is 36485 a composite number?
True
Is 163591 a composite number?
True
Is 999479 prime?
False
Is 72421 composite?
False
Is 1163 a prime number?
True
Is 3630469 prime?
False
Is 74147 composite?
True
Is 25613 composite?
True
Is 5186 a prime number?
False
Is 3639 composite?
True
Is 145891 a prime number?
False
Is 11283 composite?
True
Is 55655 prime?
False
Is 287791 a composite number?
True
Is 4637 a prime number?
True
Is 4451 composite?
False
Is 1077 prime?
False
Is 73223 a prime number?
False
Is 17653 composite?
True
Is 3691 a prime number?
True
Is 1190773 composite?
False
Is 52567 composite?
False
Is 17149 composite?
True
Is 42589 a composite number?
False
Is 4306 a composite number?
True
Is 878 composite?
True
Is 163279 composite?
True
Is 641365 composite?
True
Is 254195 composite?
True
Is 7311 a composite number?
True
Is 145165 prime?
False
Is 416867 prime?
False
Is 417899 a prime number?
True
Is 46955 a composite number?
True
Is 88721 a prime number?
True
Is 20311 a prime number?
False
Is 1878641 a prime number?
True
Is 87881 a composite number?
False
Is 3155 a prime number?
False
Is 2581 a prime number?
False
Is 470971 composite?
True
Is 114941 prime?
True
Is 117797 a prime number?
True
Is 11383 a composite number?
False
Is 32041 a composite number?
True
Is 23737 composite?
True
Is 69109 prime?
True
Is 14137 a composite number?
True
Is 84947 a prime number?
True
Is 586189 a prime number?
True
Is 565159 composite?
True
Is 4729 a prime number?
True
Is 10529 a composite number?
False
Is 1407286 a composite number?
True
Is 2177 prime?
False
Is 212837 prime?
True
Is 787 a prime number?
True
Is 479561 a prime number?
True
Is 161533 a composite number?
True
Is 501691 prime?
True
Is 6139 prime?
False
Is 1361891 prime?
False
Is 80021 a prime number?
True
Is 27941 prime?
True
Is 18397 a composite number?
False
Is 13027 prime?
False
Is 57121 prime?
False
Is 35831 a prime number?
True
Is 30145 composite?
True
Is 7069 prime?
True
Is 21647 a composite number?
False
Is 90353 a composite number?
False
Is 50989 a prime number?
True
Is 8251 a prime number?
False
Is 709519 prime?
True
Is 302779 a composite number?
False
Is 1806257 prime?
False
Is 4241 a prime number?
True
Is 342233 composite?
False
Is 7669 a composite number?
False
Is 5833 prime?
False
Is 18091 a composite number?
True
Is 1201 prime?
True
Is 1511 a prime number?
True
Is 14717 a composite number?
False
Is 4049 composite?
False
Is 24143 prime?
False
Is 100463 composite?
True
Is 165743 prime?
False
Is 6247 composite?
False
Is 46679 prime?
True
Is 541 prime?
True
Is 466201 prime?
True
Is 1079623 composite?
True
Is 38953 a prime numb